 k(f). Calculate the highest common divisor of 19 and t.
19
Let a be (-5)/(102/8 - 14). What is the greatest common factor of 772 and a?
4
Suppose 14*w - 30*w + 448 = 0. Let i be 110 + ((-2)/2)/(2/(-4)). What is the highest common factor of w and i?
28
Let d(u) = 35*u**3 + 7*u**2 - 3*u - 9. Let r be d(4). Calculate the greatest common divisor of r and 21.
21
Let l(v) = -24*v + 28*v**2 + 9*v - 26 - 29*v**2. Let s be l(-8). Let r be (75/(-100))/(2/(-1*32)). Calculate the greatest common divisor of s and r.
6
Let y(r) = -r**2 + 19*r + 12. Let d be y(19). Suppose 0 = 17*i - d*i - 450. Calculate the highest common factor of 120 and i.
30
Let h be (4 + -1)/1 - 437. Let k = h - -834. Suppose -16*s + k = -11*s. What is the greatest common factor of 20 and s?
20
Let k be 1 - (9/3 + -25). Let y be 7 - 9 - 8/1. Let b be (y/(-8))/(3/276). What is the highest common factor of b and k?
23
Let w be (6 + 9)*24/12. Calculate the highest common divisor of w and 1670.
10
Suppose 4*t = 3*m + 179, -2*t + 198*m = 193*m - 65. What is the highest common factor of 440 and t?
10
Let d = 191 + -158. Suppose -d*q = -11*q - 2662. Calculate the greatest common divisor of 11 and q.
11
Suppose 3*y - 3 = 0, q - 4*q = -y - 32. Suppose -4*d + 52 = -40. Let v = 67 - d. Calculate the highest common divisor of v and q.
11
Let a = -3063 + 3125. What is the greatest common divisor of a and 341?
31
Let q be (-1)/(-2) - (33/(-6) + -8). Let u be q/35 + (-18)/(-5). Calculate the greatest common divisor of u and 20.
4
Let a(v) = 8*v**3 - 4*v**2 + 2*v - 3. Let b be a(2). Let o = b + -52. Let g be 3/(-9) - 166/o. What is the greatest common factor of 5 and g?
5
Let z(r) = -119*r + 23. Let f be z(-4). Suppose -418 = -f*h + 488*h. Suppose 0 = -3*y + y + 190. What is the highest common divisor of y and h?
19
Let w(v) = v**3 - 81*v**2 + 83*v - 204. Let n be w(80). Suppose 0 = 4*f - 5*q - 95, -3*f - 5*q = -56 - 59. Calculate the highest common factor of f and n.
6
Let o be (1 + -2)/((-1)/(-10)). Let l be ((-4)/(-5))/((-1)/o). Suppose -107*y + 1540 = -172. Calculate the greatest common divisor of y and l.
8
Let o be ((-12)/(-3))/4*4*-1. Let x(l) = -l**2 - 39*l + 3. Let s be x(o). Calculate the greatest common factor of s and 11.
11
Suppose -2*t + 20 = 3*c, -5*t = -2*c + 3*c - 24. Suppose t = 2*x, -3*k = k - x - 758. Suppose -37 = -4*o + 39. Calculate the greatest common divisor of k and o.
19
Let l be (-6)/((-9)/(-24)*(-24)/(-18)). Let f be (-9)/(-12) + (4137/l)/(-7). Calculate the highest common divisor of f and 40.
10
Let j be 54 - (-7)/(-21)*36. Let m(a) = 230*a**2 + 3*a - 2. Let s be m(1). What is the greatest common factor of s and j?
21
Let j = 2349 + -2271. Let x = -305 - -487. What is the greatest common divisor of j and x?
26
Let d(p) be the first derivative of p**4/4 + 2*p**3 - 5*p**2/2 + 8*p + 46. Let h be d(-4). Let v = -12 - -24. What is the highest common divisor of h and v?
12
Suppose -2*p + 7*p = 0. Suppose -3*n + 19 = 5*o - 27, 0 = -5*n - 2*o + 64. Suppose -g + 50 - n = p. Calculate the highest common divisor of 95 and g.
19
Suppose 2*z + 5*y - 2600 = 0, 2*z - 836 = y + 1752. What is the highest common divisor of z and 9583?
259
Let g be -4*9/(-12) - (4 - (8 + 10)). Suppose -4*l = 4*s - 2*l - 1568, -l + 1957 = 5*s. What is the highest common factor of s and g?
17
Let v = 87 - 83. Suppose v*k - 910 = -k. Suppose -6*n = 5*w - 2*n - 126, w = n + 27. Calculate the highest common factor of w and k.
26
Let z(p) = -4*p**2 + 463*p + 1556. Let k be z(119). What is the highest common divisor of k and 2493?
9
Let j(s) = 429*s + 597. Let q be j(-1). Calculate the greatest common divisor of q and 3129.
21
Let v(n) = -n**2 + 12*n - 6. Let k be v(10). Let y(s) = -2*s**2 - 69*s - 412. Let a be y(-25). Calculate the greatest common factor of a and k.
7
Suppose -3*l + 217 - 40 = 0. Let b = l - 41. Suppose 4*q = -2*f - 8, 180*q = -2*f + 183*q + 13. Calculate the highest common factor of f and b.
2
Suppose 15*h = 154 + 266. Suppose h = 13*c - 50. What is the greatest common divisor of c and 42?
6
Let o(p) = p**3 + 23*p**2 + 97*p - 70. Let a be o(-16). Let m(l) = 16*l - 2. Let s be m(2). What is the greatest common divisor of s and a?
10
Let j be (-18)/81 + (-1694)/(-9) + 1. Calculate the greatest common divisor of j and 54.
27
Let c(y) = y**3 - 24*y**2 + 59*y + 748. Let i be c(21). Calculate the highest common factor of 4814 and i.
166
Suppose 15*c - 58054 = -11884. What is the greatest common divisor of c and 19?
19
Suppose 0 = 5*r - 8 - 17, -2*r + 198 = 4*x. What is the highest common factor of x and 3008?
47
Suppose 5 = y + 2*f, 3*y - 2*f - 55 + 16 = 0. Suppose 6*h - 3 = 3*h. Let c = y + h. What is the highest common factor of c and 96?
12
Suppose 0 = 2*o - o - 3. Suppose -7*l + 3846 = -67. Let v = l + -538. What is the greatest common divisor of o and v?
3
Suppose -28*s = -21*s + 6*s - 4875. Calculate the highest common divisor of s and 705.
15
Suppose 0 = -3*p + 533 - 143. Let s(v) = 795*v + 2710. Let x be s(-3). What is the highest common divisor of x and p?
65
Suppose -z + 52 = 16. Let y = 2271 - 2267. What is the greatest common divisor of z and y?
4
Let h be 66*1/2 + -3. Suppose 4*q = 7*q - h. Let f be 15 - q - (1 - -2). Calculate the greatest common factor of 3 and f.
1
Let z be 20/6 + (-657)/1971. Let a = 0 - -12. What is the greatest common divisor of a and z?
3
Suppose 82*z - 88*z + c + 277 = 0, 0 = -2*z - c + 91. Let w(v) = -v - 10. Let y be w(-12). Calculate the greatest common divisor of z and y.
2
Let l(b) = 13*b**2 + 28*b**2 - 53*b**2 + 11*b + 41 - 12 - b**3. Let s be l(-13). What is the greatest common divisor of s and 11?
11
Let m be (-4 + 2)*-20 - (17 - 9). Let d(o) = 104*o - 16. Let g be d(6). What is the highest common divisor of m and g?
32
Let d(s) = -483 + 22*s**2 + 18*s - 496 + 1502 - 434. Let h be d(-4). Calculate the greatest common divisor of h and 9.
9
Let l(u) = -u**3 + 17*u**2 + 19*u + 2. Let s be l(18). Let j be (15/s)/(1/4). Let g(b) = b + 5. Let p be g(10). Calculate the greatest common factor of p and j.
3
Let y(r) = -r**3 + 11*r**2 + 22*r + 80. Let z be y(13). What is the greatest common factor of 1232 and z?
28
Suppose 2*s - 134 = -58. Suppose -36*l + s*l = 1870. What is the greatest common divisor of l and 85?
85
Suppose 6*s + 54 = 4*s + f, -5*f + 9 = -s. Let q = -25 - s. Suppose 6*j - 56 = q*j. Calculate the highest common factor of 42 and j.
14
Let g(o) be the first derivative of o**4/2 + o**3 - 4*o + 80. Let p be g(2). What is the greatest common divisor of p and 108?
12
Let m(j) = j**2 + 129*j + 2880. Let q be m(-28). Calculate the greatest common divisor of 988 and q.
52
Let t(i) = 5*i - 16. Let o be t(12). Let u be 1/(-4) + (1 - 76/16). Let f be (-10 - -2)*-1*(-55)/u. What is the greatest common factor of o and f?
22
Let j(z) be the third derivative of -3*z**4/8 + 100*z**3/3 + 89*z**2. Let x be j(4). Calculate the highest common divisor of x and 41.
41
Let q be (((-9)/(-6))/3)/((-4)/584). Let r be 7/(-3) + 3 + q/(-3). Suppose -3*t - r = -34. What is the highest common factor of t and 5?
1
Let a be ((-40)/14)/(27/(-2268)). What is the greatest common divisor of a and 390?
30
Suppose 0*j - 4*r + 408 = 5*j, 0 = -4*j - 5*r + 321. Let y be (-7 - -4) + (50 - 35). Calculate the greatest common factor of j and y.
12
Let n be 235/4 - (-3)/12. Let v = n - -18. What is the greatest common divisor of v and 21?
7
Suppose 0 = 4*l - 9*l - 20, -2*l - 32 = -4*p. Suppose 5*i + 52 = r - 6, 316 = 4*r + i. What is the highest common divisor of p and r?
6
Let c(k) = 11*k**3 - 5*k**2 + 104*k - 198. Let t be c(2). What is the greatest common divisor of 11271 and t?
39
Let n(w) = w**3 - 10*w**2 + w + 14. Suppose 158 = 20*j - 42. Let o be n(j). Suppose -2*v + v + 12 = 0. Calculate the greatest common divisor of v and o.
12
Suppose -3*v - 5*l = -9, 4*v - 2*v + 5*l = 6. Suppose -258 = -v*j - 3*y, 4*j - 324 + 12 = 4*y. Let t = j - 79. What is the highest common factor of 24 and t?
3
Suppose -3*c + 8*c = x + 154, -5*c - x + 146 = 0. What is the greatest common factor of c and 600?
30
Let m = -104 - -106. Suppose 0*h - 2*s + 86 = m*h, 2*h + 3*s = 81. Calculate the highest common divisor of h and 32.
16
Let h = 260 - 252. Let z be 4/(h/210) - 28/28. Calculate the greatest common 